{"id":3315,"date":"2013-03-10T20:37:14","date_gmt":"2013-03-10T20:37:14","guid":{"rendered":"http:\/\/www.manor-re.com\/?page_id=3315"},"modified":"2013-09-02T11:43:32","modified_gmt":"2013-09-02T11:43:32","slug":"monolocale-certosa","status":"publish","type":"page","link":"https:\/\/www.manor-re.com\/index.php\/monolocale-certosa\/","title":{"rendered":"MONOLOCALE CERTOSA AFFITTO"},"content":{"rendered":"<p>&nbsp;<\/p>\n<table width=\"100%\" border=\"5\" cellspacing=\"0\" cellpadding=\"3\">\n<tbody>\n<tr>\n<td><\/td>\n<td align=\"left\"><span style=\"color: #800000;\"><strong>CITTA\u2019:<\/strong><\/span> <strong><span style=\"color: #000000;\">MILANO<\/span><\/strong><\/p>\n<p><strong><\/strong><strong><\/strong><strong><\/strong><strong><\/strong><strong><\/strong><strong><\/strong><strong><\/strong><strong><\/strong><strong><\/strong><strong><\/strong><strong><\/strong><strong><\/strong><strong><\/strong><strong><\/strong><strong><\/strong><strong><\/strong><strong><\/strong><span style=\"color: #800000;\"><strong>TIPOLOGIA:<\/strong><\/span> <strong>APPARTAMENTO<\/strong><\/p>\n<p><span style=\"color: #800000;\"><strong>PLUS:<\/strong><\/span> <strong>SILENZIOSO, <span style=\"line-height: 19px;\">LUMINOSO<\/span><\/strong><\/p>\n<p><span style=\"color: #800000;\"><strong>PIANO:<\/strong><\/span> <strong>PRIMO<\/strong><\/p>\n<p><span style=\"color: #800000;\"><strong>BALCONI:<\/strong><\/span><strong> NO<\/strong><\/p>\n<p><span style=\"color: #800000;\"><strong>RISCALDAMENTO:<\/strong> <\/span><strong>CENTRALIZZATO<\/strong><\/p>\n<p><span style=\"color: #800000;\"><strong>PERTINENZA:<\/strong><\/span> <strong>NO<\/strong><\/p>\n<p><span style=\"color: #800000;\"><strong>PORTIERATO: <\/strong><\/span><strong>SI&#8217;<\/strong><\/p>\n<p><span style=\"color: #800000;\"><strong>Classe Energetica:<\/strong><\/span> <strong>IN FASE DI PREDISPOSIZIONE<\/strong><\/p>\n<p>&nbsp;<\/td>\n<td align=\"center\">\n<p style=\"text-align: left;\"><span style=\"color: #800000;\"><strong>ZONA:<\/strong><\/span> <strong>CERTOSA &#8211; ESPINASSE<\/strong><\/p>\n<p style=\"text-align: left;\"><span style=\"color: #800000;\"><strong>MQ:<\/strong><\/span> <strong>35<\/strong><\/p>\n<p style=\"text-align: left;\"><span style=\"color: #800000;\"><strong>STABILE:<\/strong> <\/span><strong>1950<\/strong><\/p>\n<p style=\"text-align: left;\"><span style=\"color: #800000;\"><strong>ASCENSORE:<\/strong><\/span> <strong>SI&#8217;<\/strong><\/p>\n<p style=\"text-align: left;\"><span style=\"color: #800000;\"><strong>ESPOSIZIONE: <\/strong><\/span><strong>INTERNA<\/strong><\/p>\n<p style=\"text-align: left;\"><span style=\"color: #800000;\"><strong>SPESE CONDOMINIALI:<\/strong><\/span> <strong>\u20ac 1200\/anno<\/strong><\/p>\n<p style=\"text-align: left;\"><span style=\"color: #800000;\"><strong>BOX\/ Posto Auto:<\/strong><\/span> <strong>NO<\/strong><\/p>\n<p style=\"text-align: left;\"><span style=\"color: #800000;\"><strong>SITUAZIONE:<\/strong><\/span><strong> LIBERO<\/strong><\/p>\n<p style=\"text-align: left;\"><span style=\"color: #800000;\"><strong>Indice di Prestazione Energetica:<\/strong><\/span><strong><span style=\"line-height: 19px;\"> &#8211;<\/span><\/strong><\/p>\n<\/td>\n<td align=\"center\"><a href=\"http:\/\/www.manor-re.com\/public\/wp-content\/uploads\/2012\/02\/logo_250.bmp\"><img decoding=\"async\" loading=\"lazy\" class=\"aligncenter  wp-image-176\" title=\"logo_250\" src=\"http:\/\/www.manor-re.com\/public\/wp-content\/uploads\/2012\/02\/logo_250.bmp\" alt=\"\" width=\"171\" height=\"121\" \/><\/a><a href=\"http:\/\/www.manor-re.com\/public\/wp-content\/uploads\/2013\/03\/ok29.jpg\"><img decoding=\"async\" loading=\"lazy\" class=\"aligncenter  wp-image-3311\" title=\"ok29\" src=\"http:\/\/www.manor-re.com\/public\/wp-content\/uploads\/2013\/03\/ok29-150x150.jpg\" alt=\"\" width=\"135\" height=\"135\" \/><\/a><\/td>\n<\/tr>\n<\/tbody>\n<\/table>\n<p><span style=\"color: #800000;\"><strong>RICHIESTA:<\/strong><\/span><span style=\"color: #000000;\"> \u20ac 400,00 + spese<\/span><\/p>\n<p style=\"text-align: justify;\"><span style=\"color: #800000;\"><strong>DESCRIZIONE: <\/strong><\/span><\/p>\n<p style=\"text-align: justify;\"><span style=\"color: #000000;\">Monolocale di\u00a035 mq in zona Viale Certosa-P.le Accursio interamente ristrutturato a nuovo.<\/span><\/p>\n<p style=\"text-align: justify;\"><span style=\"color: #000000;\">L\u2019appartamento \u00e8 cosi composto: ingresso, camera cucina a vista, cabina armadio\u00a0e bagno.<\/span><\/p>\n<p style=\"text-align: justify;\"><span style=\"color: #000000;\">Molto luminoso ed arieggiato considerata l&#8217;assenza di palazzi alti nelle vicinanze.<\/span><\/p>\n<p style=\"text-align: justify;\"><span style=\"color: #000000;\">L&#8217;unit\u00e0 immobiliare \u00e8 in fase di ristrutturazione, la consegna \u00e8 prevista a brevissimo termine.<\/span><\/p>\n<p style=\"text-align: justify;\"><span style=\"color: #000000;\">L\u2019immobile \u00e8 al primo piano di uno stabile anni cinquanta con ascensore in zona ben servita dalle linee\u00a0del tram n. 19 11 e n.14<\/span><\/p>\n<p style=\"text-align: justify;\"><span style=\"color: #000000;\">Canone mensile richiesto 400 Euro. Non arredato Spese condominiali 100 Euro circa.\u00a0Contratto 4+4.<\/span><br \/>\n<span style=\"color: #000000;\"> Indice di prestazione energetica disponibile a fine lavori.<\/span><\/p>\n<p style=\"text-align: justify;\"><span style=\"color: #800000;\"><strong>RIFERIMENTO:<\/strong><\/span> <span style=\"color: #000000;\"><strong>Virginia Ruffin 3425158925<\/strong><\/span><\/p>\n<p><span style=\"color: #000000;\"><em>Questa scheda ha valore puramente indicativo e non costituisce elemento contrattuale ne&#8217; presupposto contrattuale<\/em><\/span><\/p>\n<p>&nbsp;<\/p>\n<table width=\"100%\" border=\"5\" cellspacing=\"0\" cellpadding=\"3\">\n<tbody>\n<tr>\n<td><a href=\"http:\/\/www.manor-re.com\/public\/wp-content\/uploads\/2013\/03\/ok27.jpg\"><img decoding=\"async\" loading=\"lazy\" class=\"aligncenter size-medium wp-image-3293\" title=\"ok27\" src=\"http:\/\/www.manor-re.com\/public\/wp-content\/uploads\/2013\/03\/ok27-300x225.jpg\" alt=\"\" width=\"300\" height=\"225\" \/><\/a><\/td>\n<td align=\"left\"><a href=\"http:\/\/www.manor-re.com\/public\/wp-content\/uploads\/2013\/03\/ok26.jpg\"><img decoding=\"async\" loading=\"lazy\" class=\"aligncenter size-medium wp-image-3295\" title=\"ok26\" src=\"http:\/\/www.manor-re.com\/public\/wp-content\/uploads\/2013\/03\/ok26-300x225.jpg\" alt=\"\" width=\"300\" height=\"225\" \/><\/a><\/td>\n<td align=\"center\"><a href=\"http:\/\/www.manor-re.com\/public\/wp-content\/uploads\/2013\/03\/ok25.jpg\"><img decoding=\"async\" loading=\"lazy\" class=\"aligncenter size-medium wp-image-3294\" title=\"ok25\" src=\"http:\/\/www.manor-re.com\/public\/wp-content\/uploads\/2013\/03\/ok25-300x225.jpg\" alt=\"\" width=\"300\" height=\"225\" \/><\/a><\/td>\n<td align=\"center\"><a href=\"http:\/\/www.manor-re.com\/public\/wp-content\/uploads\/2013\/03\/mono-1.jpg\"><img decoding=\"async\" loading=\"lazy\" class=\"aligncenter size-medium wp-image-3537\" title=\"mono 1\" src=\"http:\/\/www.manor-re.com\/public\/wp-content\/uploads\/2013\/03\/mono-1-300x225.jpg\" alt=\"\" width=\"300\" height=\"225\" \/><\/a><\/td>\n<\/tr>\n<\/tbody>\n<\/table>\n<table width=\"100%\" border=\"5\" cellspacing=\"0\" cellpadding=\"3\">\n<tbody>\n<tr>\n<td><a href=\"http:\/\/www.manor-re.com\/public\/wp-content\/uploads\/2013\/03\/mono-2.jpg\"><img decoding=\"async\" loading=\"lazy\" class=\"aligncenter size-medium wp-image-3538\" title=\"mono 2\" src=\"http:\/\/www.manor-re.com\/public\/wp-content\/uploads\/2013\/03\/mono-2-225x300.jpg\" alt=\"\" width=\"225\" height=\"300\" \/><\/a><\/td>\n<td align=\"left\"><a href=\"http:\/\/www.manor-re.com\/public\/wp-content\/uploads\/2013\/03\/mono-4-4.jpg\"><img decoding=\"async\" loading=\"lazy\" class=\"aligncenter size-medium wp-image-3539\" title=\"mono 4 (4)\" src=\"http:\/\/www.manor-re.com\/public\/wp-content\/uploads\/2013\/03\/mono-4-4-225x300.jpg\" alt=\"\" width=\"225\" height=\"300\" \/><\/a><\/td>\n<td align=\"center\"><a href=\"http:\/\/www.manor-re.com\/public\/wp-content\/uploads\/2013\/03\/BILO3.jpg\"><img decoding=\"async\" loading=\"lazy\" class=\"aligncenter size-medium wp-image-3529\" title=\"BILO3\" src=\"http:\/\/www.manor-re.com\/public\/wp-content\/uploads\/2013\/03\/BILO3-225x300.jpg\" alt=\"\" width=\"225\" height=\"300\" \/><\/a><\/td>\n<td align=\"center\"><a href=\"http:\/\/www.manor-re.com\/public\/wp-content\/uploads\/2013\/03\/mono-5.jpg\"><img decoding=\"async\" loading=\"lazy\" class=\"aligncenter size-medium wp-image-3540\" title=\"mono 5\" src=\"http:\/\/www.manor-re.com\/public\/wp-content\/uploads\/2013\/03\/mono-5-225x300.jpg\" alt=\"\" width=\"225\" height=\"300\" \/><\/a><\/td>\n<\/tr>\n<\/tbody>\n<\/table>\n<table width=\"100%\" border=\"5\" cellspacing=\"0\" cellpadding=\"3\">\n<tbody>\n<tr>\n<td><a href=\"http:\/\/www.manor-re.com\/public\/wp-content\/uploads\/2013\/03\/ok72.jpg\"><img decoding=\"async\" loading=\"lazy\" class=\"aligncenter size-medium wp-image-3303\" title=\"ok7\" src=\"http:\/\/www.manor-re.com\/public\/wp-content\/uploads\/2013\/03\/ok72-225x300.jpg\" alt=\"\" width=\"225\" height=\"300\" \/><\/a><\/td>\n<td align=\"left\"><a href=\"http:\/\/www.manor-re.com\/public\/wp-content\/uploads\/2013\/03\/ok42.jpg\"><img decoding=\"async\" loading=\"lazy\" class=\"aligncenter size-medium wp-image-3308\" title=\"ok4\" src=\"http:\/\/www.manor-re.com\/public\/wp-content\/uploads\/2013\/03\/ok42-225x300.jpg\" alt=\"\" width=\"225\" height=\"300\" \/><\/a><\/td>\n<td align=\"center\"><a href=\"http:\/\/www.manor-re.com\/public\/wp-content\/uploads\/2013\/03\/ok24.jpg\"><img decoding=\"async\" loading=\"lazy\" class=\"aligncenter size-medium wp-image-3309\" title=\"ok24\" src=\"http:\/\/www.manor-re.com\/public\/wp-content\/uploads\/2013\/03\/ok24-225x300.jpg\" alt=\"\" width=\"225\" height=\"300\" \/><\/a><\/td>\n<td align=\"center\"><a href=\"http:\/\/www.manor-re.com\/public\/wp-content\/uploads\/2013\/03\/ok12.jpg\"><img decoding=\"async\" loading=\"lazy\" class=\"aligncenter size-medium wp-image-3310\" title=\"ok\" src=\"http:\/\/www.manor-re.com\/public\/wp-content\/uploads\/2013\/03\/ok12-225x300.jpg\" alt=\"\" width=\"225\" height=\"300\" \/><\/a><\/td>\n<\/tr>\n<\/tbody>\n<\/table>\n<p>&nbsp;<\/p>\n<p>&nbsp;<\/p>\n<p>&nbsp;<\/p>\n<p><strong><span style=\"color: #800000;\">IMMOBILI ANALOGHI VISUALIZZATI DA ALTRE PERSONE PRIMA DI TE:<\/span><\/strong><\/p>\n<table width=\"100%\" border=\"5\" cellspacing=\"0\" cellpadding=\"3\">\n<tbody>\n<tr>\n<td><\/td>\n<td align=\"left\"><a href=\"http:\/\/www.manor-re.com\/public\/wp-content\/uploads\/2012\/02\/logo_250.bmp\"><img decoding=\"async\" loading=\"lazy\" class=\"aligncenter\" title=\"logo_250\" src=\"http:\/\/www.manor-re.com\/public\/wp-content\/uploads\/2012\/02\/logo_250.bmp\" alt=\"\" width=\"150\" height=\"113\" \/><\/a><\/p>\n<p style=\"text-align: center;\"><span style=\"color: #800000;\"><a title=\"contatti\" href=\"http:\/\/www.manor-re.com\/index.php\/form-contatti\/\"><span style=\"color: #800000;\">NON HAI TROVATO CIO&#8217; CHE CERCAVI? Compila il nostro FORM DI CONTATTO<\/span><\/a><\/span><\/p>\n<\/td>\n<td align=\"center\"><\/td>\n<td align=\"center\"><a href=\"http:\/\/www.manor-re.com\/public\/wp-content\/uploads\/2012\/02\/logo_250.bmp\"><img decoding=\"async\" loading=\"lazy\" class=\"aligncenter\" title=\"logo_250\" src=\"http:\/\/www.manor-re.com\/public\/wp-content\/uploads\/2012\/02\/logo_250.bmp\" alt=\"\" width=\"150\" height=\"113\" \/><\/a><\/p>\n<p style=\"text-align: center;\"><span style=\"color: #800000;\"><a title=\"loft spadolini\" href=\"http:\/\/www.manor-re.com\/index.php\/form-contatti\/\"><span style=\"color: #800000;\">NON HAI TROVATO CIO&#8217; CHE CERCAVI? Compila il nostro FORM DI CONTATTO<\/span><\/a><\/span><\/p>\n<\/td>\n<\/tr>\n<\/tbody>\n<\/table>\n<p>&nbsp;<\/p>\n<p><span style=\"color: #800000;\"><a title=\"Zona 8 affitto\" href=\"http:\/\/www.manor-re.com\/index.php\/zona-8-affitti\/\"><span style=\"color: #800000;\">Torna alle nostre proposte<\/span><\/a><\/span><\/p>\n","protected":false},"excerpt":{"rendered":"<p>&nbsp; CITTA\u2019: MILANO TIPOLOGIA: APPARTAMENTO PLUS: SILENZIOSO, LUMINOSO PIANO: PRIMO BALCONI: NO RISCALDAMENTO: CENTRALIZZATO PERTINENZA: NO PORTIERATO: SI&#8217; Classe Energetica: IN FASE DI PREDISPOSIZIONE &nbsp; ZONA: CERTOSA &#8211; ESPINASSE MQ: 35 STABILE: 1950 ASCENSORE: SI&#8217; ESPOSIZIONE: INTERNA SPESE CONDOMINIALI: \u20ac 1200\/anno BOX\/ Posto Auto: NO SITUAZIONE: LIBERO Indice di Prestazione Energetica: &#8211; RICHIESTA: \u20ac 400,00 [&hellip;]<\/p>\n","protected":false},"author":1,"featured_media":0,"parent":0,"menu_order":0,"comment_status":"closed","ping_status":"closed","template":"","meta":[],"_links":{"self":[{"href":"https:\/\/www.manor-re.com\/index.php\/wp-json\/wp\/v2\/pages\/3315"}],"collection":[{"href":"https:\/\/www.manor-re.com\/index.php\/wp-json\/wp\/v2\/pages"}],"about":[{"href":"https:\/\/www.manor-re.com\/index.php\/wp-json\/wp\/v2\/types\/page"}],"author":[{"embeddable":true,"href":"https:\/\/www.manor-re.com\/index.php\/wp-json\/wp\/v2\/users\/1"}],"replies":[{"embeddable":true,"href":"https:\/\/www.manor-re.com\/index.php\/wp-json\/wp\/v2\/comments?post=3315"}],"version-history":[{"count":22,"href":"https:\/\/www.manor-re.com\/index.php\/wp-json\/wp\/v2\/pages\/3315\/revisions"}],"predecessor-version":[{"id":5335,"href":"https:\/\/www.manor-re.com\/index.php\/wp-json\/wp\/v2\/pages\/3315\/revisions\/5335"}],"wp:attachment":[{"href":"https:\/\/www.manor-re.com\/index.php\/wp-json\/wp\/v2\/media?parent=3315"}],"curies":[{"name":"wp","href":"https:\/\/api.w.org\/{rel}","templated":true}]}}