{"id":15765,"date":"2020-03-26T15:30:18","date_gmt":"2020-03-26T15:30:18","guid":{"rendered":"http:\/\/www.manor-re.com\/?page_id=15765"},"modified":"2020-06-01T14:30:59","modified_gmt":"2020-06-01T14:30:59","slug":"bar-mm-sondrio-vendita","status":"publish","type":"page","link":"https:\/\/www.manor-re.com\/index.php\/bar-mm-sondrio-vendita\/","title":{"rendered":"BAR MM SONDRIO VENDITA"},"content":{"rendered":"<table border=\"5\" width=\"100%\" cellspacing=\"0\" cellpadding=\"3\">\n<tbody>\n<tr>\n<td>\u00a0<a href=\"http:\/\/www.manor-re.com\/public\/wp-content\/uploads\/2017\/06\/Alex-Bassa-b.jpg\"><img decoding=\"async\" loading=\"lazy\" class=\"aligncenter size-thumbnail wp-image-14631\" src=\"http:\/\/www.manor-re.com\/public\/wp-content\/uploads\/2017\/06\/Alex-Bassa-b-150x150.jpg\" alt=\"Alex-Bassa-b\" width=\"150\" height=\"150\" \/><\/a><\/td>\n<td align=\"left\"><a href=\"http:\/\/www.manor-re.com\/public\/wp-content\/uploads\/2017\/03\/fuori-NO.jpg\"><img decoding=\"async\" loading=\"lazy\" class=\"aligncenter size-thumbnail wp-image-14606\" src=\"http:\/\/www.manor-re.com\/public\/wp-content\/uploads\/2017\/03\/fuori-NO-150x150.jpg\" alt=\"fuori NO\" width=\"150\" height=\"150\" \/><\/a><\/td>\n<td align=\"center\">\u00a0<a href=\"http:\/\/www.manor-re.com\/public\/wp-content\/uploads\/2017\/10\/ANDY.jpg\"><img decoding=\"async\" loading=\"lazy\" class=\"aligncenter wp-image-14536\" src=\"http:\/\/www.manor-re.com\/public\/wp-content\/uploads\/2017\/10\/ANDY.jpg\" alt=\"ANDY\" width=\"150\" height=\"150\" \/><\/a><\/td>\n<td align=\"center\">\u00a0<a href=\"http:\/\/www.manor-re.com\/public\/wp-content\/uploads\/2017\/05\/depositphotos_121027128-stock-illustration-stylized-icon-of-the-oil-no.jpg\"><img decoding=\"async\" loading=\"lazy\" class=\"aligncenter size-thumbnail wp-image-14647\" src=\"http:\/\/www.manor-re.com\/public\/wp-content\/uploads\/2017\/05\/depositphotos_121027128-stock-illustration-stylized-icon-of-the-oil-no-150x150.jpg\" alt=\"depositphotos_121027128-stock-illustration-stylized-icon-of-the-oil no\" width=\"150\" height=\"150\" \/><\/a><\/td>\n<\/tr>\n<\/tbody>\n<\/table>\n<p><span style=\"color: #800000;\">\u00a0<strong>RICHIESTA:<\/strong><\/span>\u00a0\u20ac55.000,00\u00a0 \u00a0 \u00a0<span style=\"color: #800000;\"><strong>ANTICIPO:<\/strong>\u00a0<\/span> \u20ac 25.000,00<\/p>\n<table border=\"1\" width=\"100%\" cellspacing=\"0\" cellpadding=\"3\">\n<tbody>\n<tr>\n<td><\/td>\n<td align=\"left\"><span style=\"color: #800000;\"><strong>CITTA\u2019:<\/strong><\/span>\u00a0<strong><span style=\"color: #000000;\">MILANO<\/span><\/strong><\/p>\n<p><span style=\"color: #800000;\"><strong>PLUS:<\/strong><\/span><span style=\"line-height: 19px;\">\u00a0<\/span><strong style=\"line-height: 19px;\">ZONA UFFICI, OTTIMO PASSAGGIO<\/strong><\/p>\n<p><span style=\"color: #800000;\"><strong>PIANO:<\/strong><\/span>\u00a0<strong>TERRA<\/strong><\/p>\n<p><strong><span style=\"color: #800000;\">AFFITTO:<\/span> 1.850 EURO\/MESE<\/strong><\/p>\n<p><strong><span style=\"color: #800000;\">CONTRATTO RESIDUO:<\/span> NUOVO<\/strong><\/p>\n<p><strong><span style=\"color: #800000;\">CANNA FUMARIA:<\/span> POSSIBILITA&#8217;<\/strong><\/p>\n<p><span style=\"color: #800000;\"><strong>RISCALDAMENTO:<\/strong> <\/span><strong>CENTRALIZZATO<\/strong><\/p>\n<p><span style=\"color: #800000;\"><strong>PERTINENZA:<\/strong><\/span> <strong>CANTINA \u00a0\u00a0<\/strong><\/p>\n<p>&nbsp;<\/p>\n<p>&nbsp;<\/td>\n<td align=\"center\">\n<p style=\"text-align: left;\"><span style=\"color: #800000;\"><strong>ZONA:<\/strong><\/span> <strong>MM SONDRIO<\/strong><\/p>\n<p style=\"text-align: left;\"><span style=\"color: #800000;\"><strong>TIPOLOGIA:<\/strong><\/span>\u00a0<strong>BAR TAVOLA FREDDA<\/strong><\/p>\n<p style=\"text-align: left;\"><span style=\"color: #800000;\"><strong>MQ:<\/strong><\/span>\u00a0<strong>70<\/strong><\/p>\n<p style=\"text-align: left;\"><span style=\"color: #800000;\"><strong>SPESE CONDOMINIALI:<\/strong><\/span> <strong>COMPRESE<\/strong><\/p>\n<p style=\"text-align: left;\"><strong><span style=\"color: #800000;\">POSSIBILITA&#8217; RINNOVO:<\/span> SI&#8217;<\/strong><\/p>\n<p style=\"text-align: left;\"><span style=\"color: #800000;\"><strong>BOX\/ Posto Auto: <span style=\"color: #000000;\">SI&#8217;<\/span><\/strong><\/span><\/p>\n<p style=\"text-align: left;\"><span style=\"color: #800000;\"><strong>SITUAZIONE:<\/strong><\/span><strong> LIBERO<\/strong><\/p>\n<p style=\"text-align: left;\">\n<\/td>\n<td align=\"center\"><a href=\"http:\/\/www.manor-re.com\/public\/wp-content\/uploads\/2012\/02\/logo_250.bmp\"><img decoding=\"async\" loading=\"lazy\" class=\"aligncenter wp-image-176\" title=\"logo_250\" src=\"http:\/\/www.manor-re.com\/public\/wp-content\/uploads\/2012\/02\/logo_250.bmp\" alt=\"\" width=\"171\" height=\"121\" \/><\/a><a href=\"http:\/\/www.manor-re.com\/public\/wp-content\/uploads\/2012\/03\/distributori-automatici-caffematico-di-canito-francesco-san-maurizio-canavese-005-250x250.png\"><img decoding=\"async\" loading=\"lazy\" class=\"aligncenter wp-image-14528\" src=\"http:\/\/www.manor-re.com\/public\/wp-content\/uploads\/2012\/03\/distributori-automatici-caffematico-di-canito-francesco-san-maurizio-canavese-005-250x250.png\" alt=\"distributori-automatici-caffematico-di-canito-francesco-san-maurizio-canavese-005-250x250\" width=\"150\" height=\"150\" srcset=\"https:\/\/www.manor-re.com\/wp-content\/uploads\/2012\/03\/distributori-automatici-caffematico-di-canito-francesco-san-maurizio-canavese-005-250x250.png 250w, https:\/\/www.manor-re.com\/wp-content\/uploads\/2012\/03\/distributori-automatici-caffematico-di-canito-francesco-san-maurizio-canavese-005-250x250-150x150.png 150w\" sizes=\"(max-width: 150px) 100vw, 150px\" \/><\/a><\/td>\n<\/tr>\n<\/tbody>\n<\/table>\n<p style=\"text-align: justify;\"><span style=\"color: #800000;\"><strong>DESCRIZIONE:<\/strong><\/span><\/p>\n<p style=\"text-align: justify;\">Interessante attivit\u00e0 di bar tavola fredda in zona MM Sondrio in via di fortissimo passaggio automobilistico, ottima visibilit\u00e0, 1 vetrina ampia su strada. La zona \u00e8 ben frequentata ed animata in forte crescita, residenziale di buon livello, caratterizzata da un alto numero di uffici. Il locale, attualmente bar diurno , si sviluppa su una sala principale dove troviamo il bancone con la zona bar e una ventina di posti a sedere comodi possibilit\u00e0 installazione canna fumaria (gi\u00e0 autorizzata dal proprietario dello stabile), bagno portatori di handicap, spogliatoio e bagno dipendenti. Tutto a norma. cantina con cella frigorifera. Passaggio serale molto interessante, gli uffici della zona garantiscono un buon lavoro diurno. Il locale ed i macchinari,sono in ottime condizioni, funzionali e funzionanti. Non necessitano di interventi di manutenzione straordinaria. Ottimo posizionamento su tutte le piattaforme internet, buon cassetto.<\/p>\n<p><strong><span style=\"color: #800000;\">RIFERIMENTO:<\/span>\u00a0 K. Navarrini 3403732158<\/strong><\/p>\n<div><span style=\"color: #000000;\"><em>Questa scheda ha valore puramente indicativo e non costituisce<\/em><\/span><span style=\"color: #000000;\"><em> elemento contrattuale ne&#8217; presupposto contrattuale<\/em><\/span><\/div>\n<p><strong><span style=\"color: #800000;\">IMMOBILI ANALOGHI VISUALIZZATI DA ALTRE PERSONE PRIMA DI TE:<\/span><\/strong><\/p>\n<table border=\"5\" width=\"100%\" cellspacing=\"0\" cellpadding=\"3\">\n<tbody>\n<tr>\n<td><\/td>\n<td align=\"left\"><a href=\"http:\/\/www.manor-re.com\/public\/wp-content\/uploads\/2012\/02\/logo_250.bmp\"><img decoding=\"async\" loading=\"lazy\" class=\"aligncenter\" title=\"logo_250\" src=\"http:\/\/www.manor-re.com\/public\/wp-content\/uploads\/2012\/02\/logo_250.bmp\" alt=\"\" width=\"150\" height=\"113\" \/><\/a><\/p>\n<p style=\"text-align: center;\"><span style=\"color: #800000;\"><a title=\"contatti\" href=\"http:\/\/www.manor-re.com\/index.php\/form-contatti\/\"><span style=\"color: #800000;\">NON HAI TROVATO CIO&#8217; CHE CERCAVI? Compila il nostro FORM DI CONTATTO<\/span><\/a><\/span><\/p>\n<\/td>\n<td align=\"center\"><\/td>\n<td align=\"center\"><a href=\"http:\/\/www.manor-re.com\/public\/wp-content\/uploads\/2012\/02\/logo_250.bmp\"><img decoding=\"async\" loading=\"lazy\" class=\"aligncenter\" title=\"logo_250\" src=\"http:\/\/www.manor-re.com\/public\/wp-content\/uploads\/2012\/02\/logo_250.bmp\" alt=\"\" width=\"150\" height=\"113\" \/><\/a><\/p>\n<p style=\"text-align: center;\"><span style=\"color: #800000;\"><a title=\"loft spadolini\" href=\"http:\/\/www.manor-re.com\/index.php\/form-contatti\/\"><span style=\"color: #800000;\">NON HAI TROVATO CIO&#8217; CHE CERCAVI? Compila il nostro FORM DI CONTATTO<\/span><\/a><\/span><\/p>\n<\/td>\n<\/tr>\n<\/tbody>\n<\/table>\n<p>&nbsp;<\/p>\n<p><span style=\"color: #800000;\"><a title=\"Attivit\u00e0\/Aziende Vendita\" href=\"http:\/\/www.manor-re.com\/index.php\/attivitaaziende-vendita\/\"><span style=\"color: #800000;\">Torna alle nostre proposte<\/span><\/a><\/span><\/p>\n","protected":false},"excerpt":{"rendered":"<p>\u00a0 \u00a0 \u00a0 \u00a0RICHIESTA:\u00a0\u20ac55.000,00\u00a0 \u00a0 \u00a0ANTICIPO:\u00a0 \u20ac 25.000,00 CITTA\u2019:\u00a0MILANO PLUS:\u00a0ZONA UFFICI, OTTIMO PASSAGGIO PIANO:\u00a0TERRA AFFITTO: 1.850 EURO\/MESE CONTRATTO RESIDUO: NUOVO CANNA FUMARIA: POSSIBILITA&#8217; RISCALDAMENTO: CENTRALIZZATO PERTINENZA: CANTINA \u00a0\u00a0 &nbsp; &nbsp; ZONA: MM SONDRIO TIPOLOGIA:\u00a0BAR TAVOLA FREDDA MQ:\u00a070 SPESE CONDOMINIALI: COMPRESE POSSIBILITA&#8217; RINNOVO: SI&#8217; BOX\/ Posto Auto: SI&#8217; SITUAZIONE: LIBERO DESCRIZIONE: Interessante attivit\u00e0 di bar tavola [&hellip;]<\/p>\n","protected":false},"author":1,"featured_media":0,"parent":0,"menu_order":0,"comment_status":"closed","ping_status":"closed","template":"","meta":[],"_links":{"self":[{"href":"https:\/\/www.manor-re.com\/index.php\/wp-json\/wp\/v2\/pages\/15765"}],"collection":[{"href":"https:\/\/www.manor-re.com\/index.php\/wp-json\/wp\/v2\/pages"}],"about":[{"href":"https:\/\/www.manor-re.com\/index.php\/wp-json\/wp\/v2\/types\/page"}],"author":[{"embeddable":true,"href":"https:\/\/www.manor-re.com\/index.php\/wp-json\/wp\/v2\/users\/1"}],"replies":[{"embeddable":true,"href":"https:\/\/www.manor-re.com\/index.php\/wp-json\/wp\/v2\/comments?post=15765"}],"version-history":[{"count":2,"href":"https:\/\/www.manor-re.com\/index.php\/wp-json\/wp\/v2\/pages\/15765\/revisions"}],"predecessor-version":[{"id":15769,"href":"https:\/\/www.manor-re.com\/index.php\/wp-json\/wp\/v2\/pages\/15765\/revisions\/15769"}],"wp:attachment":[{"href":"https:\/\/www.manor-re.com\/index.php\/wp-json\/wp\/v2\/media?parent=15765"}],"curies":[{"name":"wp","href":"https:\/\/api.w.org\/{rel}","templated":true}]}}