{"id":14769,"date":"2017-10-18T18:52:38","date_gmt":"2017-10-18T18:52:38","guid":{"rendered":"http:\/\/www.manor-re.com\/?page_id=14769"},"modified":"2017-10-20T09:46:35","modified_gmt":"2017-10-20T09:46:35","slug":"ristorante-duomo-vendita","status":"publish","type":"page","link":"https:\/\/www.manor-re.com\/index.php\/ristorante-duomo-vendita\/","title":{"rendered":"RISTORANTE GAE AULENTI VENDITA"},"content":{"rendered":"<table width=\"100%\" border=\"5\" cellspacing=\"0\" cellpadding=\"3\">\n<tbody>\n<tr>\n<td>\u00a0<a href=\"http:\/\/www.manor-re.com\/public\/wp-content\/uploads\/2017\/03\/Alex-Bassa-b1.jpg\"><img decoding=\"async\" loading=\"lazy\" class=\"aligncenter size-thumbnail wp-image-14642\" alt=\"Alex-Bassa-b\" src=\"http:\/\/www.manor-re.com\/public\/wp-content\/uploads\/2017\/03\/Alex-Bassa-b1-150x150.jpg\" width=\"150\" height=\"150\" \/><\/a><\/td>\n<td align=\"left\"><a href=\"http:\/\/www.manor-re.com\/public\/wp-content\/uploads\/2017\/06\/fuori.jpg\"><img decoding=\"async\" loading=\"lazy\" class=\"aligncenter size-thumbnail wp-image-14632\" alt=\"fuori\" src=\"http:\/\/www.manor-re.com\/public\/wp-content\/uploads\/2017\/06\/fuori-150x150.jpg\" width=\"150\" height=\"150\" \/><\/a><\/td>\n<td align=\"center\">\u00a0<a href=\"http:\/\/www.manor-re.com\/public\/wp-content\/uploads\/2017\/10\/depositphotos_121027128-stock-illustration-stylized-icon-of-the-oil3.jpg\"><img decoding=\"async\" loading=\"lazy\" class=\"aligncenter size-thumbnail wp-image-14600\" alt=\"depositphotos_121027128-stock-illustration-stylized-icon-of-the-oil\" src=\"http:\/\/www.manor-re.com\/public\/wp-content\/uploads\/2017\/10\/depositphotos_121027128-stock-illustration-stylized-icon-of-the-oil3-150x150.jpg\" width=\"150\" height=\"150\" \/><\/a><\/td>\n<td align=\"center\"><a href=\"http:\/\/www.manor-re.com\/public\/wp-content\/uploads\/2017\/03\/ANDY-NO.jpg\"><img decoding=\"async\" loading=\"lazy\" class=\"aligncenter size-thumbnail wp-image-14607\" alt=\"ANDY NO\" src=\"http:\/\/www.manor-re.com\/public\/wp-content\/uploads\/2017\/03\/ANDY-NO-150x150.jpg\" width=\"150\" height=\"150\" \/><\/a><\/td>\n<\/tr>\n<\/tbody>\n<\/table>\n<p><span style=\"color: #800000;\">\u00a0<strong>RICHIESTA:<\/strong><\/span>\u00a0\u20ac350.000,00\u00a0<span style=\"color: #800000;\"><strong>ANTICIPO:<\/strong><\/span>\u00a0\u00a0\u20ac 100.000,00<\/p>\n<table width=\"100%\" border=\"1\" cellspacing=\"0\" cellpadding=\"3\">\n<tbody>\n<tr>\n<td><\/td>\n<td align=\"left\"><span style=\"color: #800000;\"><strong>CITTA\u2019:<\/strong><\/span>\u00a0<strong><span style=\"color: #000000;\">MILANO<\/span><\/strong><\/p>\n<p><strong><\/strong><strong><\/strong><strong><\/strong><strong><\/strong><span style=\"color: #800000;\"><strong>PLUS:<\/strong><\/span><span style=\"line-height: 19px;\">\u00a0<\/span><strong style=\"line-height: 19px;\">PASSAGGIO<\/strong><\/p>\n<p><strong><\/strong><span style=\"color: #800000;\"><strong>PIANO:<\/strong><\/span>\u00a0<strong>TERRA<\/strong><\/p>\n<p><strong><span style=\"color: #800000;\">AFFITTO:\u00a0<span style=\"color: #000000;\"><strong>3.500 \u20ac\/mese<\/strong><\/span><\/span><\/strong><\/p>\n<p><strong><span style=\"color: #800000;\">CONTRATTO RESIDUO:<\/span>\u00a0NUOVO<\/strong><\/p>\n<p><strong><span style=\"color: #800000;\">CANNA FUMARIA:<\/span> SI&#8217;<\/strong><\/p>\n<p><span style=\"color: #800000;\"><strong>RISCALDAMENTO:<\/strong> <\/span><strong>AUTONOMO<\/strong><\/p>\n<p><span style=\"color: #800000;\"><strong>PERTINENZA:<\/strong><\/span>\u00a0<strong>\u00a0CANTINA<\/strong><\/p>\n<p>&nbsp;<\/p>\n<p>&nbsp;<\/td>\n<td align=\"center\">\n<p style=\"text-align: left;\"><span style=\"color: #800000;\"><strong>ZONA:<\/strong><\/span> <strong>GAE AULENTI<\/strong><\/p>\n<p style=\"text-align: left;\"><span style=\"color: #800000;\"><strong>TIPOLOGIA:<\/strong><\/span>\u00a0<strong>RISTORANTE\u00a0\u00a0<\/strong><\/p>\n<p style=\"text-align: left;\"><span style=\"color: #800000;\"><strong>MQ:<\/strong><\/span>\u00a0<strong>180<\/strong><\/p>\n<p style=\"text-align: left;\"><strong><\/strong><span style=\"color: #800000;\"><strong>SPESE CONDOMINIALI:<\/strong><\/span>\u00a0<strong>COMPRESE<br \/>\n<\/strong><\/p>\n<p style=\"text-align: left;\"><strong><span style=\"color: #800000;\">POSSIBILITA&#8217; RINNOVO:\u00a0<span style=\"color: #000000;\"><strong>SI&#8217;<\/strong><\/span><\/span><\/strong><\/p>\n<p style=\"text-align: left;\"><span style=\"color: #800000;\"><strong>BOX\/ Posto Auto: <span style=\"color: #000000;\">NO<\/span><\/strong><\/span><\/p>\n<p style=\"text-align: left;\"><span style=\"color: #800000;\"><strong>SITUAZIONE:<\/strong><\/span><strong> LIBERO<\/strong><\/p>\n<p style=\"text-align: left;\">\n<\/td>\n<td align=\"center\"><a href=\"http:\/\/www.manor-re.com\/public\/wp-content\/uploads\/2012\/02\/logo_250.bmp\"><img decoding=\"async\" loading=\"lazy\" class=\"aligncenter  wp-image-176\" title=\"logo_250\" alt=\"\" src=\"http:\/\/www.manor-re.com\/public\/wp-content\/uploads\/2012\/02\/logo_250.bmp\" width=\"171\" height=\"121\" \/><\/a><a href=\"http:\/\/www.manor-re.com\/public\/wp-content\/uploads\/2017\/10\/pizza.png\"><img decoding=\"async\" loading=\"lazy\" class=\"aligncenter  wp-image-14518\" alt=\"pizza\" src=\"http:\/\/www.manor-re.com\/public\/wp-content\/uploads\/2017\/10\/pizza-150x150.png\" width=\"135\" height=\"135\" srcset=\"https:\/\/www.manor-re.com\/wp-content\/uploads\/2017\/10\/pizza-150x150.png 150w, https:\/\/www.manor-re.com\/wp-content\/uploads\/2017\/10\/pizza.png 300w\" sizes=\"(max-width: 135px) 100vw, 135px\" \/><\/a><\/td>\n<\/tr>\n<\/tbody>\n<\/table>\n<p style=\"text-align: justify;\"><span style=\"color: #800000;\"><strong>DESCRIZIONE: <\/strong><\/span><\/p>\n<p>Storica attivit\u00e0 di trattoria, ristorante in zona piazza Gae Aulenti, piazza Alvar Aalto, porta Nuova, in via pedonale caatterizzata dalla presenza di tipici locali con dehors esterni molto ben frequentata ed animata.<\/p>\n<p>Il locale \u00e8 diviso in varie sale, ed \u00e8 da ristrutturare, a seguito ristrutturazione si potranno portare gli attuali posti dai 60 \u2013 70 a 120 \u2013 140. La cucina \u00e8 comoda ed in grado di supportare un carico ulteriore. I bagni sono da rifare. Sottostante al locale con attuale accesso dalla cucina stessa \u00e8 presente una cantina anch\u2019essa suddivisa in sale, vi \u00e8 la possibilit\u00e0 di riconverntirne parte a sale da pranzo, considerata la presenza di ampie prese d\u2019aria e dell\u2019altezza dei soffitti superiore a 3 metri. Possibilit\u00e0 ampio dehor esterno.<\/p>\n<p>Passaggio serale molto interessante, gli uffici della zona garantiscono enormi potenzialit\u00e0 di lavoro diurno.<\/p>\n<p>Richiesta congrua al cassetto, comunque incrementabile di molto.<\/p>\n<p>La societ\u00e0 titolare \u00e8 proprietaria anche dei muri, possibilit\u00e0 di agevolazioni iniziali sull\u2019affitto a seguito condivisione del progetto di ristrutturazione degli ambienti.<\/p>\n<p>Possibilit\u00e0 acquisto muri del negozio.<\/p>\n<p>&nbsp;<\/p>\n<div><strong><span style=\"color: #800000;\">RIFERIMENTO:<\/span>\u00a0\u00a0<strong>Segreteria Paola 3450644570<\/strong><\/strong><\/div>\n<div><\/div>\n<div><span style=\"color: #000000;\"><em>Questa scheda ha valore puramente indicativo e non costituisce<\/em><\/span><span style=\"color: #000000;\"><em> elemento contrattuale ne&#8217; presupposto contrattuale<\/em><\/span><\/div>\n<p><strong><span style=\"color: #800000;\">IMMOBILI ANALOGHI VISUALIZZATI DA ALTRE PERSONE PRIMA DI TE:<\/span><\/strong><\/p>\n<table width=\"100%\" border=\"5\" cellspacing=\"0\" cellpadding=\"3\">\n<tbody>\n<tr>\n<td><\/td>\n<td align=\"left\"><a href=\"http:\/\/www.manor-re.com\/public\/wp-content\/uploads\/2012\/02\/logo_250.bmp\"><img decoding=\"async\" loading=\"lazy\" class=\"aligncenter\" title=\"logo_250\" alt=\"\" src=\"http:\/\/www.manor-re.com\/public\/wp-content\/uploads\/2012\/02\/logo_250.bmp\" width=\"150\" height=\"113\" \/><\/a><\/p>\n<p style=\"text-align: center;\"><span style=\"color: #800000;\"><a title=\"contatti\" href=\"http:\/\/www.manor-re.com\/index.php\/form-contatti\/\"><span style=\"color: #800000;\">NON HAI TROVATO CIO&#8217; CHE CERCAVI? Compila il nostro FORM DI CONTATTO<\/span><\/a><\/span><\/p>\n<\/td>\n<td align=\"center\"><\/td>\n<td align=\"center\"><a href=\"http:\/\/www.manor-re.com\/public\/wp-content\/uploads\/2012\/02\/logo_250.bmp\"><img decoding=\"async\" loading=\"lazy\" class=\"aligncenter\" title=\"logo_250\" alt=\"\" src=\"http:\/\/www.manor-re.com\/public\/wp-content\/uploads\/2012\/02\/logo_250.bmp\" width=\"150\" height=\"113\" \/><\/a><\/p>\n<p style=\"text-align: center;\"><span style=\"color: #800000;\"><a title=\"loft spadolini\" href=\"http:\/\/www.manor-re.com\/index.php\/form-contatti\/\"><span style=\"color: #800000;\">NON HAI TROVATO CIO&#8217; CHE CERCAVI? Compila il nostro FORM DI CONTATTO<\/span><\/a><\/span><\/p>\n<\/td>\n<\/tr>\n<\/tbody>\n<\/table>\n<p>&nbsp;<\/p>\n<p><span style=\"color: #800000;\"><a title=\"Attivit\u00e0\/Aziende Vendita\" href=\"http:\/\/www.manor-re.com\/index.php\/attivitaaziende-vendita\/\"><span style=\"color: #800000;\">Torna alle nostre proposte<\/span><\/a><\/span><\/p>\n","protected":false},"excerpt":{"rendered":"<p>\u00a0 \u00a0 \u00a0RICHIESTA:\u00a0\u20ac350.000,00\u00a0ANTICIPO:\u00a0\u00a0\u20ac 100.000,00 CITTA\u2019:\u00a0MILANO PLUS:\u00a0PASSAGGIO PIANO:\u00a0TERRA AFFITTO:\u00a03.500 \u20ac\/mese CONTRATTO RESIDUO:\u00a0NUOVO CANNA FUMARIA: SI&#8217; RISCALDAMENTO: AUTONOMO PERTINENZA:\u00a0\u00a0CANTINA &nbsp; &nbsp; ZONA: GAE AULENTI TIPOLOGIA:\u00a0RISTORANTE\u00a0\u00a0 MQ:\u00a0180 SPESE CONDOMINIALI:\u00a0COMPRESE POSSIBILITA&#8217; RINNOVO:\u00a0SI&#8217; BOX\/ Posto Auto: NO SITUAZIONE: LIBERO DESCRIZIONE: Storica attivit\u00e0 di trattoria, ristorante in zona piazza Gae Aulenti, piazza Alvar Aalto, porta Nuova, in via pedonale caatterizzata dalla [&hellip;]<\/p>\n","protected":false},"author":1,"featured_media":0,"parent":0,"menu_order":0,"comment_status":"closed","ping_status":"closed","template":"","meta":[],"_links":{"self":[{"href":"https:\/\/www.manor-re.com\/index.php\/wp-json\/wp\/v2\/pages\/14769"}],"collection":[{"href":"https:\/\/www.manor-re.com\/index.php\/wp-json\/wp\/v2\/pages"}],"about":[{"href":"https:\/\/www.manor-re.com\/index.php\/wp-json\/wp\/v2\/types\/page"}],"author":[{"embeddable":true,"href":"https:\/\/www.manor-re.com\/index.php\/wp-json\/wp\/v2\/users\/1"}],"replies":[{"embeddable":true,"href":"https:\/\/www.manor-re.com\/index.php\/wp-json\/wp\/v2\/comments?post=14769"}],"version-history":[{"count":4,"href":"https:\/\/www.manor-re.com\/index.php\/wp-json\/wp\/v2\/pages\/14769\/revisions"}],"predecessor-version":[{"id":14887,"href":"https:\/\/www.manor-re.com\/index.php\/wp-json\/wp\/v2\/pages\/14769\/revisions\/14887"}],"wp:attachment":[{"href":"https:\/\/www.manor-re.com\/index.php\/wp-json\/wp\/v2\/media?parent=14769"}],"curies":[{"name":"wp","href":"https:\/\/api.w.org\/{rel}","templated":true}]}}