{"id":13199,"date":"2017-01-17T11:39:41","date_gmt":"2017-01-17T11:39:41","guid":{"rendered":"http:\/\/www.manor-re.com\/?page_id=13199"},"modified":"2017-10-20T20:43:54","modified_gmt":"2017-10-20T20:43:54","slug":"centro-estetico-ripa-ticinese-vendita","status":"publish","type":"page","link":"https:\/\/www.manor-re.com\/index.php\/centro-estetico-ripa-ticinese-vendita\/","title":{"rendered":"CENTRO ESTETICO RIPA TICINESE VENDITA"},"content":{"rendered":"<table width=\"100%\" border=\"5\" cellspacing=\"0\" cellpadding=\"3\">\n<tbody>\n<tr>\n<td>\u00a0<a href=\"http:\/\/www.manor-re.com\/public\/wp-content\/uploads\/2017\/01\/solarium.png\"><img decoding=\"async\" loading=\"lazy\" class=\"aligncenter size-thumbnail wp-image-14623\" alt=\"solarium\" src=\"http:\/\/www.manor-re.com\/public\/wp-content\/uploads\/2017\/01\/solarium-150x150.png\" width=\"150\" height=\"150\" srcset=\"https:\/\/www.manor-re.com\/wp-content\/uploads\/2017\/01\/solarium-150x150.png 150w, https:\/\/www.manor-re.com\/wp-content\/uploads\/2017\/01\/solarium-300x300.png 300w, https:\/\/www.manor-re.com\/wp-content\/uploads\/2017\/01\/solarium.png 512w\" sizes=\"(max-width: 150px) 100vw, 150px\" \/><\/a><\/td>\n<td align=\"left\"><a href=\"http:\/\/www.manor-re.com\/public\/wp-content\/uploads\/2017\/01\/icone-massage-sur-table1_767_406_.png\"><img decoding=\"async\" loading=\"lazy\" class=\"aligncenter size-thumbnail wp-image-14620\" alt=\"icone-massage-sur-table1_767_406_\" src=\"http:\/\/www.manor-re.com\/public\/wp-content\/uploads\/2017\/01\/icone-massage-sur-table1_767_406_-150x150.png\" width=\"150\" height=\"150\" \/><\/a><\/td>\n<td align=\"center\">\u00a0<a href=\"http:\/\/www.manor-re.com\/public\/wp-content\/uploads\/2017\/01\/images-4.png\"><img decoding=\"async\" loading=\"lazy\" class=\"aligncenter size-thumbnail wp-image-14621\" alt=\"images (4)\" src=\"http:\/\/www.manor-re.com\/public\/wp-content\/uploads\/2017\/01\/images-4-150x150.png\" width=\"150\" height=\"150\" srcset=\"https:\/\/www.manor-re.com\/wp-content\/uploads\/2017\/01\/images-4-150x150.png 150w, https:\/\/www.manor-re.com\/wp-content\/uploads\/2017\/01\/images-4.png 225w\" sizes=\"(max-width: 150px) 100vw, 150px\" \/><\/a><\/td>\n<td align=\"center\"><\/td>\n<\/tr>\n<\/tbody>\n<\/table>\n<p><span style=\"color: #800000;\">\u00a0<strong>RICHIESTA:<\/strong><\/span>\u00a0\u20ac89.000,00\u00a0 \u00a0 \u00a0<span style=\"color: #800000;\"><strong>ANTICIPO:<\/strong>\u00a0<\/span> \u20ac 40.000,00<\/p>\n<table width=\"100%\" border=\"5\" cellspacing=\"0\" cellpadding=\"3\">\n<tbody>\n<tr>\n<td><\/td>\n<td align=\"left\"><span style=\"color: #800000;\"><strong>CITTA\u2019:<\/strong><\/span>\u00a0<b>MILANO<\/b><\/p>\n<p><strong><\/strong><strong><\/strong><strong><\/strong><strong><\/strong><strong><\/strong><strong><\/strong><strong><\/strong><strong><\/strong><strong><\/strong><strong><\/strong><span style=\"color: #800000;\"><strong>TIPOLOGIA:<\/strong><\/span> <strong>CENTRO ESTETICO<\/strong><\/p>\n<p><span style=\"color: #800000;\"><strong>PLUS:<\/strong><\/span> <strong>SERVITO, LUMINOSO<\/strong><\/p>\n<p><span style=\"color: #800000;\"><strong>PIANO:<\/strong><\/span> <strong>TERRA<\/strong><\/p>\n<p><span style=\"color: #800000;\"><strong>BALCONI:<\/strong><\/span><strong>\u00a0NO<\/strong><\/p>\n<p><span style=\"color: #800000;\"><strong>RISCALDAMENTO:<\/strong> <\/span><strong>CENTRALIZZATO<\/strong><\/p>\n<p><span style=\"color: #800000;\"><strong>CONTRATTO RESIDUO:<\/strong><\/span> <strong>RINNOVABILE<\/strong><\/p>\n<p><span style=\"color: #800000;\"><strong>AFFITTO: <\/strong><\/span><strong>1.415 \u20ac\/mese \u00a0+spese<\/strong><\/p>\n<p><span style=\"color: #800000;\"><strong>Classe Energetica:<\/strong><\/span> <strong>G<\/strong><\/p>\n<p>&nbsp;<\/td>\n<td align=\"center\">\n<p style=\"text-align: left;\"><span style=\"color: #800000;\"><strong>ZONA:<\/strong><\/span><strong>\u00a0PORTA GENOVA &#8211; RIPA DI PORTA TICINESE<\/strong><\/p>\n<p style=\"text-align: left;\"><span style=\"color: #800000;\"><strong>MQ:<\/strong><\/span> <strong>100<\/strong><\/p>\n<p style=\"text-align: left;\"><span style=\"color: #800000;\"><strong>STABILE:<\/strong> <\/span><strong>ANNI&#8217;60<\/strong><\/p>\n<p style=\"text-align: left;\"><span style=\"color: #800000;\"><strong>ASCENSORE:<\/strong><\/span>\u00a0<strong>SI&#8217;<\/strong><\/p>\n<p style=\"text-align: left;\"><span style=\"color: #800000;\"><strong>ESPOSIZIONE: <span style=\"color: #000000;\">ESTERNA \u00a03 LUCI<\/span><\/strong><\/span><\/p>\n<p style=\"text-align: left;\"><span style=\"color: #800000;\"><strong>SPESE CONDOMINIALI:<\/strong><\/span> <strong>\u20ac 4.000\/anno<\/strong><\/p>\n<p style=\"text-align: left;\"><span style=\"color: #800000;\"><strong>BOX\/ Posto Auto:<\/strong><\/span> <strong>NO<\/strong><\/p>\n<p style=\"text-align: left;\"><span style=\"color: #800000;\"><strong>SITUAZIONE:<\/strong><\/span><strong>\u00a0<strong>LIBERO<\/strong><\/strong><\/p>\n<p style=\"text-align: left;\"><span style=\"color: #800000;\"><strong>Indice di Prestazione Energetica:<\/strong><\/span><strong><span style=\"line-height: 19px;\">\u00a0198,31 \u00a0KWH\/ m2 annui<\/span><\/strong><\/p>\n<\/td>\n<td align=\"center\"><a href=\"http:\/\/www.manor-re.com\/public\/wp-content\/uploads\/2012\/02\/logo_250.bmp\"><img decoding=\"async\" loading=\"lazy\" class=\"aligncenter  wp-image-176\" title=\"logo_250\" alt=\"\" src=\"http:\/\/www.manor-re.com\/public\/wp-content\/uploads\/2012\/02\/logo_250.bmp\" width=\"171\" height=\"121\" \/><\/a><a href=\"http:\/\/www.manor-re.com\/public\/wp-content\/uploads\/2012\/03\/images-4.png\"><img decoding=\"async\" loading=\"lazy\" class=\"aligncenter  wp-image-14525\" alt=\"images (4)\" src=\"http:\/\/www.manor-re.com\/public\/wp-content\/uploads\/2012\/03\/images-4-150x150.png\" width=\"135\" height=\"135\" srcset=\"https:\/\/www.manor-re.com\/wp-content\/uploads\/2012\/03\/images-4-150x150.png 150w, https:\/\/www.manor-re.com\/wp-content\/uploads\/2012\/03\/images-4.png 225w\" sizes=\"(max-width: 135px) 100vw, 135px\" \/><\/a><\/td>\n<\/tr>\n<\/tbody>\n<\/table>\n<p style=\"text-align: justify;\"><span style=\"color: #800000;\"><strong><br \/>\nDESCRIZIONE: <\/strong><\/span><\/p>\n<p>\u00a0In stabile medio signorile, a 5 minuti a piedi dalla stazione della MM 2 verde Porta Genova, in Ripa di porta Ticinese, zona di fortissimo passaggio automobilistico e pedonale, residenziale molto ben abitata.<\/p>\n<p>L&#8217;attivit\u00e0 \u00e8 posizionata al piano tera con 3 ampie vetrine su strada che garantiscono un&#8217;ottima visibilit\u00e0.<\/p>\n<p>Il centro attualmente presenta una zona reception, dalla quale \u00e8 poi possibile accedere ai vari spazi interamente attrezzati con macchinari di livello per la cura del corpo ed al bagno turco.<\/p>\n<p>Gli impianti sono \u00a0a norma, \u00a0 dotato di aria\u00a0condizionata , dotato di impianto antifurto e videosorveglianza esterna, finiture di buon livello<\/p>\n<p>&nbsp;<\/p>\n<p><span style=\"color: #000000;\">Classe energetica G, indice di prestazione energetica. 198,31KWH\/m2 annui<\/span><\/p>\n<p><strong><span style=\"color: #800000;\">RIFERIMENTO:<\/span> <span style=\"color: #000000;\">K.Navarrini 340 3732158<\/span><\/strong><\/p>\n<p><span style=\"color: #000000;\"><em>Questa scheda ha valore puramente indicativo e non costituisce elemento contrattuale ne&#8217; presupposto contrattuale<\/em><\/span><\/p>\n<p><strong><span style=\"color: #800000;\">IMMOBILI ANALOGHI VISUALIZZATI DA ALTRE PERSONE PRIMA DI TE:<\/span><\/strong><\/p>\n<table width=\"100%\" border=\"5\" cellspacing=\"0\" cellpadding=\"3\">\n<tbody>\n<tr>\n<td><\/td>\n<td align=\"left\"><a href=\"http:\/\/www.manor-re.com\/public\/wp-content\/uploads\/2012\/02\/logo_250.bmp\"><img decoding=\"async\" loading=\"lazy\" class=\"aligncenter\" title=\"logo_250\" alt=\"\" src=\"http:\/\/www.manor-re.com\/public\/wp-content\/uploads\/2012\/02\/logo_250.bmp\" width=\"150\" height=\"113\" \/><\/a><\/p>\n<p style=\"text-align: center;\"><span style=\"color: #800000;\"><a title=\"contatti\" href=\"http:\/\/www.manor-re.com\/index.php\/form-contatti\/\"><span style=\"color: #800000;\">NON HAI TROVATO CIO&#8217; CHE CERCAVI? Compila il nostro FORM DI CONTATTO<\/span><\/a><\/span><\/p>\n<\/td>\n<td align=\"center\"><\/td>\n<td align=\"center\"><a href=\"http:\/\/www.manor-re.com\/public\/wp-content\/uploads\/2012\/02\/logo_250.bmp\"><img decoding=\"async\" loading=\"lazy\" class=\"aligncenter\" title=\"logo_250\" alt=\"\" src=\"http:\/\/www.manor-re.com\/public\/wp-content\/uploads\/2012\/02\/logo_250.bmp\" width=\"150\" height=\"113\" \/><\/a><\/p>\n<p style=\"text-align: center;\"><span style=\"color: #800000;\"><a title=\"loft spadolini\" href=\"http:\/\/www.manor-re.com\/index.php\/form-contatti\/\"><span style=\"color: #800000;\">NON HAI TROVATO CIO&#8217; CHE CERCAVI? Compila il nostro FORM DI CONTATTO<\/span><\/a><\/span><\/p>\n<\/td>\n<\/tr>\n<\/tbody>\n<\/table>\n<p><span style=\"color: #800000;\"><a title=\"Attivit\u00e0\/Aziende Vendita\" href=\"http:\/\/www.manor-re.com\/index.php\/attivitaaziende-vendita\/\"><span style=\"color: #800000;\">Torna alle nostre proposte<\/span><\/a><\/span><\/p>\n","protected":false},"excerpt":{"rendered":"<p>\u00a0 \u00a0 \u00a0RICHIESTA:\u00a0\u20ac89.000,00\u00a0 \u00a0 \u00a0ANTICIPO:\u00a0 \u20ac 40.000,00 CITTA\u2019:\u00a0MILANO TIPOLOGIA: CENTRO ESTETICO PLUS: SERVITO, LUMINOSO PIANO: TERRA BALCONI:\u00a0NO RISCALDAMENTO: CENTRALIZZATO CONTRATTO RESIDUO: RINNOVABILE AFFITTO: 1.415 \u20ac\/mese \u00a0+spese Classe Energetica: G &nbsp; ZONA:\u00a0PORTA GENOVA &#8211; RIPA DI PORTA TICINESE MQ: 100 STABILE: ANNI&#8217;60 ASCENSORE:\u00a0SI&#8217; ESPOSIZIONE: ESTERNA \u00a03 LUCI SPESE CONDOMINIALI: \u20ac 4.000\/anno BOX\/ Posto Auto: NO SITUAZIONE:\u00a0LIBERO [&hellip;]<\/p>\n","protected":false},"author":1,"featured_media":0,"parent":0,"menu_order":0,"comment_status":"closed","ping_status":"closed","template":"","meta":[],"_links":{"self":[{"href":"https:\/\/www.manor-re.com\/index.php\/wp-json\/wp\/v2\/pages\/13199"}],"collection":[{"href":"https:\/\/www.manor-re.com\/index.php\/wp-json\/wp\/v2\/pages"}],"about":[{"href":"https:\/\/www.manor-re.com\/index.php\/wp-json\/wp\/v2\/types\/page"}],"author":[{"embeddable":true,"href":"https:\/\/www.manor-re.com\/index.php\/wp-json\/wp\/v2\/users\/1"}],"replies":[{"embeddable":true,"href":"https:\/\/www.manor-re.com\/index.php\/wp-json\/wp\/v2\/comments?post=13199"}],"version-history":[{"count":13,"href":"https:\/\/www.manor-re.com\/index.php\/wp-json\/wp\/v2\/pages\/13199\/revisions"}],"predecessor-version":[{"id":15007,"href":"https:\/\/www.manor-re.com\/index.php\/wp-json\/wp\/v2\/pages\/13199\/revisions\/15007"}],"wp:attachment":[{"href":"https:\/\/www.manor-re.com\/index.php\/wp-json\/wp\/v2\/media?parent=13199"}],"curies":[{"name":"wp","href":"https:\/\/api.w.org\/{rel}","templated":true}]}}